
Let j(t) = -t + 9. Let i be j(9). Suppose i = 7*w - 6*w - 22. Suppose -3*z + w = -38. What is the units digit of z?
0
Let a(h) be the third derivative of -h**6/120 - 2*h**5/15 - h**4/3 - 7*h**3/6 - 2*h**2. Let i be a(-7). Suppose i*c + c = 11. What is the tens digit of c?
1
Let v be ((-16)/(-14))/(8/28). Suppose -9*d + 140 = -v*d. What is the units digit of d?
8
Suppose -4*d = 4*y + y - 38, 4*d - 22 = 3*y. Let a(g) = -8 + 2*g + 1 + 1. What is the units digit of a(d)?
8
Let a(o) = 13*o**2 + 5*o + 96. Let m(f) = -3*f**2 - f - 24. Let l(w) = -2*a(w) - 9*m(w). What is the tens digit of l(0)?
2
Suppose 6*i - i = 0. Suppose i = 2*d + w - 5*w - 8, -6 = -d + 4*w. What is the units digit of (0 - -1)*(4 + d)?
6
Let d = 36 + -24. Suppose x + 2*u + 5 = 0, 2*x - d = 5*u + 14. Suppose 3*t - 22 = -5*y, 0*y = x*t + 2*y - 25. What is the units digit of t?
9
Suppose 65 = 5*q + r, 0*q + q - 5*r = 39. Suppose 0 = -0*j - j - u + 2, -j - 5*u - q = 0. What is the units digit of j?
6
Let z(t) = t**3 + 7. Let p be z(0). Let f(j) = -j**3 + 6*j**2 + 8*j - 10. Let o be f(p). What is the units digit of (o/(-6) - 1)*-4?
2
Suppose 5*k = -22 - 398. What is the tens digit of (3/(-6))/(1/k)?
4
Suppose -2*i - 2*i = -4*y - 12, 3*y = 3. Suppose 0 = -i*k + 7*k + 12. What is the units digit of (k + 2)/(-2) + 3?
4
Let l be 68 + (-2 - (-3 - -2)). Suppose -3*g + 2 = -l. What is the units digit of g?
3
Let t = -27 + 69. What is the units digit of t?
2
Let v(k) be the third derivative of k**5/30 + k**4/24 + 3*k**2. What is the units digit of v(2)?
0
Let y be ((-570)/(-25))/((-6)/(-20)). What is the units digit of 1/3 - y/(-6)?
3
Suppose -3*g + g = -610. What is the units digit of g?
5
Suppose 3*v = 5*o - 1446, 2*o = 3*o + 3*v - 282. What is the tens digit of o?
8
Let n = 2 + -5. What is the units digit of 2/(-6) + (-16)/n?
5
Let i(u) = u**3 + 5*u**2 + 5*u + 4. Let g = -4 + 6. Suppose -p - 9 = g*p. What is the units digit of i(p)?
7
Suppose 2*f - 7 - 3 = 0. Suppose -s + 4*t - 4 = -2, 5*t = f. What is the units digit of s?
2
Let p = 6 - 4. Suppose -p*j = -17 - 11. What is the units digit of j?
4
Let q = 23 - 1. Suppose 4*g - 54 - q = 0. What is the units digit of g?
9
Let z(t) = 10*t + t**3 - 4*t**2 + 7*t**2 - 3 - 4*t + 5*t**2. Let s be z(-7). Suppose -4 = s*c - 12. What is the units digit of c?
2
Suppose 6*v + 33 = 3. Let x = v + 11. What is the units digit of x?
6
Let t = 2 + 1. Let i be t + (-1)/(2/(-4)). Suppose -5*h - i = -65. What is the units digit of h?
2
Suppose 0 = 10*t - 1455 - 1355. What is the hundreds digit of t?
2
Let d be -5 + (-3 - -6) + 13. Suppose -4*i + d = -5. Suppose 3*h + 2*h - 89 = -a, -4*a + 68 = i*h. What is the units digit of h?
8
Let u(b) = 15*b**2 - 2*b - 2. What is the units digit of u(-1)?
5
Let j be -11*(-3 + 6 + -2). Let h(i) = i + 16. What is the units digit of h(j)?
5
Suppose 0 = -n + 7 - 115. Let i = -53 - n. Suppose 3*p = -5*a + p + i, -3*a = 4*p - 47. What is the units digit of a?
9
Let c = 15 - 10. Suppose c*f - 44 = 4*f. What is the tens digit of f?
4
Suppose -2*j = 2*j + 12. Let h be (j - -1) + 4 - -2. Suppose 7 = h*n - 9. What is the units digit of n?
4
Suppose -5*i + 32 = 2. Let b(r) = -r**3 + 5*r**2 + 7*r - 5. Let o be b(i). What is the units digit of ((-20)/(-16))/(o/8)?
0
Let q = 49 + -27. What is the units digit of q?
2
Let t(x) be the second derivative of x**4/12 - 4*x**3/3 + 5*x**2 + 4*x. Let d(c) = c**2 - 3*c - 2. Let p be d(5). What is the tens digit of t(p)?
1
Let h(j) = 4*j**2 + 2*j + 1. Let w be h(-2). Suppose 5 = -5*c - g, -4*c - g - w = -2*g. What is the units digit of (-3 + 1)*2/c?
2
Suppose 4*q = 344 - 124. What is the units digit of q?
5
Let f(w) be the second derivative of -w**3/2 - 5*w**2/2 + 2*w. What is the units digit of f(-6)?
3
Let g(h) = -25*h + 2. Let v be ((-10)/(-4))/5*-2. What is the units digit of g(v)?
7
Let n(y) = 71*y. What is the tens digit of n(2)?
4
Let g(h) = 2*h**2 - 2*h - 1. What is the tens digit of g(-4)?
3
Let k = -6 - -23. What is the tens digit of k?
1
Suppose -4*l - 24 = -l. Suppose 0*s = 2*s + 8. What is the units digit of (30/l + 2)*s?
7
Let n(q) be the second derivative of 0 - 7/2*q**2 - 4*q - 2/3*q**3. What is the tens digit of n(-6)?
1
Let d = 0 + 2. Suppose -3*r + 4*k + 44 = 0, 15 = -2*k - k. Suppose -d*a + r = 2*w, -3*a + 22 = a + w. What is the units digit of a?
6
Suppose -3*l - 8 = -4*l. What is the units digit of l?
8
Let r(q) = 6*q**2 + 2*q + 1. Let o be r(-2). Suppose 3*u = 3*w - o, -w + 0*u + 12 = -2*u. What is the units digit of w - 1 - (-1 + 0)?
2
Suppose -5*n - 94 = x, 5*n + x + 40 = 3*n. What is the units digit of (6/(-4))/(3/n)?
9
Suppose -q + 4*q = -4*f + 16, 13 = 3*q + f. Suppose q*i + 4*r + r = -10, r = -2. Suppose -4*t - 3*u + 22 = i, 5*u + 0 = t + 6. What is the units digit of t?
4
Suppose -x + 4*j = 4*x - 17, 2*j + 1 = -5*x. Let n(q) = -22*q**3 + q - 1. Let m be n(x). What is the units digit of (-6)/(-33) - 40/m?
2
Let h(b) = -b**3 - 9*b**2 + b - 1. Let r be h(-9). Let y = r + 3. Let z(l) = -l - 6. What is the units digit of z(y)?
1
Let w = -1 - -22. Suppose -l = -6 - 7. Let y = w - l. What is the units digit of y?
8
Let g(s) = 3*s**3 + 4*s**2 + 3*s - 2. Let n be g(-3). What is the units digit of (-1 - 0)/(7/n)?
8
Let r be (-2)/6 + (-1)/(-3). Suppose -4*m + 11 = 7. Let o = m - r. What is the units digit of o?
1
Let m(w) = 3*w + 8. Let r be m(-8). Let i be 7/4 + (-4)/r. Suppose 0 = -5*b + 4*z + 60, 3*z - 36 = -3*b - i*z. What is the tens digit of b?
1
Suppose t - 3 + 9 = s, -4*s - 12 = 5*t. Suppose -s*f + 14 = -f. What is the tens digit of f?
1
Let z be 2*-4*(-5)/8. Suppose -5*q + 5*h + 85 = 0, 0*q - 33 = -q + z*h. What is the tens digit of q?
1
Let o(d) = d**2 + 13*d + 16. What is the units digit of o(-13)?
6
Suppose 0 = -4*j - 4, 5*r + 12 = 2*j - 4*j. Let w = 1 - r. Suppose 5 = s - f + w, 4 = 5*s + f. What is the units digit of s?
1
Let g(o) = o**2 + 5*o + 9. What is the tens digit of g(7)?
9
Let g(a) be the third derivative of a**5/60 - a**4/6 - 2*a**3/3 + 3*a**2. What is the units digit of g(5)?
1
Let m = 1 - -1. Let r(u) = u - u + 6*u**2 - 2*u**2 - 2*u. What is the units digit of r(m)?
2
Let u(o) = o**3 + 101. What is the units digit of u(0)?
1
Let m(a) = -3*a**3 + 4*a**3 + 3*a**2 + 6 - 4*a**2. Suppose 2*h + 2*h = 0. What is the units digit of m(h)?
6
Suppose -14 = 2*y - 0*y. Let g(j) = -4*j**2 + 11*j - 5. Let v(t) = 3*t**2 - 10*t + 4. Let x(z) = -4*g(z) - 5*v(z). What is the units digit of x(y)?
7
Let t = -5 - -2. What is the units digit of (-4)/((-6)/t)*-4?
8
Let f = 49 + -28. Suppose 4*u + 2*x = 67 - f, 0 = 5*x + 5. Suppose c = -3*a + 12, 3 = -5*c - u. What is the units digit of a?
5
What is the tens digit of 37*3/((-12)/(-8))?
7
Let w be 1/(29/7 + -4). Let m = -9 + 14. Let c = w + m. What is the units digit of c?
2
Let p = -251 - -518. What is the tens digit of p?
6
Let y be (-1)/(-3) - (-2)/(-6). Let h = y + -2. What is the units digit of h*((-7)/2 - 1)?
9
Suppose 0*o - 3*o = 3. Suppose -2*b = -21 + 15. Let c = b + o. What is the units digit of c?
2
Let w(d) = 3 - 3 + 1 - 4 - 5*d. What is the units digit of w(-2)?
7
Let v be (-1)/3 - (-4)/12. Suppose v = q - 5 - 0. Suppose q*s - 3 = 2. What is the units digit of s?
1
Suppose 72 = 5*c + s - 208, 2*c - 112 = 5*s. What is the tens digit of c?
5
Let q be (-3 - -2)*6/(-3). Suppose -4*h + q*a + 7 = -11, -3*h - 2*a - 4 = 0. What is the units digit of h?
2
Suppose 97 = 2*v - 59. Let f = 120 - v. What is the tens digit of f?
4
Suppose 0*j + 180 = 4*j. Let b = -21 + j. What is the units digit of b?
4
Let v(d) = -2*d - 4*d + 10 + 6*d - d. What is the tens digit of v(0)?
1
Suppose 0 = -r + 3*r. Suppose 3*v + r*v = 0. Let f = 1 - v. What is the units digit of f?
1
Let u be 5/((-1 - 1) + 1). Let d(a) = -a**3 - 9*a**2 + 4*a + 7. Let w(v) = v**2 - v - 1. Let x(l) = u*w(l) - d(l). What is the units digit of x(-2)?
4
Let b(q) = -3*q**3 - 5*q**2 - 5*q - 5. Let s(l) = -l**3 - 2*l**2 - 2*l - 2. Let w(t) = -2*b(t) + 5*s(t). What is the units digit of w(2)?
8
Let i be (-2)/(-4)*(1 + 25). Suppose -2*x - i = -5*a, -2*a + 6*x = x - 1. What is the units digit of a?
3
Let c = 2 - 2. Suppose -2*x + c = -4. What is the units digit of x?
2
Suppose h - 38 = 213. Suppose 19 + h = 5*t. What is the units digit of t?
4
Let o(g) be the second derivati